{"id":8,"date":"2012-09-04T11:54:07","date_gmt":"2012-09-04T09:54:07","guid":{"rendered":"http:\/\/www.justine-giolbas.de\/?page_id=8"},"modified":"2013-05-02T16:56:12","modified_gmt":"2013-05-02T14:56:12","slug":"uber-mich","status":"publish","type":"page","link":"https:\/\/www.justine-giolbas.de\/?page_id=8","title":{"rendered":"\u00dcber mich"},"content":{"rendered":"<p>Ich wurde am 02.10.1985 geboren und bin am Bodensee aufgewachsen.<\/p>\n<p><a href=\"http:\/\/jg.derwohat.de\/wordpress\/wp-content\/uploads\/2013\/04\/justine_2.jpg\"><img loading=\"lazy\" decoding=\"async\" src=\"http:\/\/jg.derwohat.de\/wordpress\/wp-content\/uploads\/2013\/04\/justine_2-200x300.jpg\" alt=\"Justine Giolbas\" width=\"200\" height=\"300\" class=\"alignright size-medium wp-image-131 imgFrame\" srcset=\"https:\/\/www.justine-giolbas.de\/wp-content\/uploads\/2013\/04\/justine_2-200x300.jpg 200w, https:\/\/www.justine-giolbas.de\/wp-content\/uploads\/2013\/04\/justine_2-100x150.jpg 100w, https:\/\/www.justine-giolbas.de\/wp-content\/uploads\/2013\/04\/justine_2-682x1024.jpg 682w, https:\/\/www.justine-giolbas.de\/wp-content\/uploads\/2013\/04\/justine_2.jpg 1856w\" sizes=\"auto, (max-width: 200px) 100vw, 200px\" \/><\/a>Meine reiterlichen Anf\u00e4nge erlebte ich im Alter von acht Jahren. Zu Beginn meiner Karriere stellten Pferde lediglich ein Hobby dar, was sich aber mit den Jahren zu einer Passion entwickelt hat.<\/p>\n<p>Dies f\u00fchrte dazu, dass ich neben einer klassischen Reitausbildung in Dressur und Springen, im Laufe der Jahre von verschieden Trainern gef\u00f6rdert wurde.<\/p>\n<p>Nach dem Fachabitur begann ich eine dreij\u00e4hrige Ausbildung zur Modedesignerin, die ich 2006 erfolgreich abschlie\u00dfen konnte. Doch in der Tiefe meines Herzens hatte ich nie das Gef\u00fchl, in diesem Berufszweig aufzugehen.<\/p>\n<p>Als ich jedoch von dem Studium der Pferdekommunikationswissenschaft an der Andrea Kutsch Akademie jetzt AKA | Hochschule f\u00fcr Equinologie h\u00f6rte, war ich sofort Feuer und Flamme und bereit meine bisheriges Leben hinter mir zu lassen und an dem Bewerbungsverfahren teil zu nehmen.<\/p>\n<p>In den drei Jahren meines Studiums an der AKA | Hochschule f\u00fcr Equinologie habe ich die M\u00f6glichkeit gehabt, mit \u00fcber Tausend Pferden zu arbeiten und von ihnen zu lernen.<\/p>\n<p>Auch konnte ich viele Erfahrungen auf Zuchtgest\u00fcten wie im Landesgest\u00fct Neustadt Dosse, im Gest\u00fct Lewitz von Paul Schockem\u00f6hle, im Gest\u00fct Hell und dem Pony Zuchtgest\u00fct Steendiek sammeln.<\/p>\n<p><a href=\"http:\/\/jg.derwohat.de\/wordpress\/wp-content\/uploads\/2013\/04\/justine_1.jpg\"><img loading=\"lazy\" decoding=\"async\" src=\"http:\/\/jg.derwohat.de\/wordpress\/wp-content\/uploads\/2013\/04\/justine_1-200x300.jpg\" alt=\"Justine Giolbas\" width=\"200\" height=\"300\" class=\"size-medium wp-image-130 alignleft imgFrame\" srcset=\"https:\/\/www.justine-giolbas.de\/wp-content\/uploads\/2013\/04\/justine_1-200x300.jpg 200w, https:\/\/www.justine-giolbas.de\/wp-content\/uploads\/2013\/04\/justine_1-100x150.jpg 100w, https:\/\/www.justine-giolbas.de\/wp-content\/uploads\/2013\/04\/justine_1-682x1024.jpg 682w, https:\/\/www.justine-giolbas.de\/wp-content\/uploads\/2013\/04\/justine_1.jpg 1856w\" sizes=\"auto, (max-width: 200px) 100vw, 200px\" \/><\/a><\/p>\n<p>In dieser Zeit waren Andrea Kutsch, Monty Roberts, Tjark Nagel, Elmar Pollman Schweckhorst, David William De Wispelaere, Heinrich-Wilhelm Johansmann, Georg Christoph B\u00f6dicker, Jared Huhta und Grand Basin meine Lehrer. So konnte ich die verschieden Fassetten des Pferdetrainings und die vielen M\u00f6glichkeiten, ein Pferd auszubilden, erforschen und dieses Wissen f\u00fcr meine jetzige Arbeit nutzen.<\/p>\n<p>W\u00e4hrend des Unterrichts bei Tjark Nagel wurden z.B. die Pferde von Paul Schockem\u00f6hle eingesprungen und ihre Entwicklung begutachtet.<\/p>\n<p>Als Monty Roberts bei uns war, wurde das Training von jungen, zum Anreiten vorzubereitenden Pferden und das Korrigieren von verhaltensgest\u00f6rten Tieren in den Lehreinheiten behandelt.<\/p>\n<p>Ich bin dankbar, dass ich in dieser Zeit von vielen hervorragenden \u201ePferdemenschen\u201c gelernt habe!<\/p>\n<p>&nbsp;<\/p>\n","protected":false},"excerpt":{"rendered":"<p>Ich wurde am 02.10.1985 geboren und bin am Bodensee aufgewachsen. Meine reiterlichen Anf\u00e4nge erlebte ich im Alter von acht Jahren. Zu Beginn meiner Karriere stellten Pferde lediglich ein Hobby dar, was sich aber mit den Jahren zu einer Passion entwickelt hat. Dies f\u00fchrte dazu, dass ich neben einer klassischen Reitausbildung in Dressur und Springen, im Laufe der Jahre von verschieden Trainern gef\u00f6rdert wurde. Nach dem Fachabitur begann ich eine dreij\u00e4hrige Ausbildung zur Modedesignerin, die ich 2006 erfolgreich abschlie\u00dfen konnte. Doch in der Tiefe meines Herzens hatte ich nie das Gef\u00fchl, in diesem Berufszweig aufzugehen. Als ich jedoch von dem Studium [&hellip;]<\/p>\n","protected":false},"author":1,"featured_media":0,"parent":0,"menu_order":0,"comment_status":"closed","ping_status":"open","template":"","meta":{"footnotes":""},"class_list":["post-8","page","type-page","status-publish","hentry"],"_links":{"self":[{"href":"https:\/\/www.justine-giolbas.de\/index.php?rest_route=\/wp\/v2\/pages\/8","targetHints":{"allow":["GET"]}}],"collection":[{"href":"https:\/\/www.justine-giolbas.de\/index.php?rest_route=\/wp\/v2\/pages"}],"about":[{"href":"https:\/\/www.justine-giolbas.de\/index.php?rest_route=\/wp\/v2\/types\/page"}],"author":[{"embeddable":true,"href":"https:\/\/www.justine-giolbas.de\/index.php?rest_route=\/wp\/v2\/users\/1"}],"replies":[{"embeddable":true,"href":"https:\/\/www.justine-giolbas.de\/index.php?rest_route=%2Fwp%2Fv2%2Fcomments&post=8"}],"version-history":[{"count":23,"href":"https:\/\/www.justine-giolbas.de\/index.php?rest_route=\/wp\/v2\/pages\/8\/revisions"}],"predecessor-version":[{"id":238,"href":"https:\/\/www.justine-giolbas.de\/index.php?rest_route=\/wp\/v2\/pages\/8\/revisions\/238"}],"wp:attachment":[{"href":"https:\/\/www.justine-giolbas.de\/index.php?rest_route=%2Fwp%2Fv2%2Fmedia&parent=8"}],"curies":[{"name":"wp","href":"https:\/\/api.w.org\/{rel}","templated":true}]}}